the prime factors of x(7)?
2, 31
What are the prime factors of (4 - 98)/(0 - 6/3)?
47
Let f(h) = 2 - 4 + 2*h**2 + 0. Let l = 2 - 4. List the prime factors of f(l).
2, 3
Let t(a) = a**2 - 9*a + 12. List the prime factors of t(13).
2
Let l = 211 + 44. List the prime factors of l.
3, 5, 17
List the prime factors of (-2 + 356)/3 - -2.
2, 3, 5
Suppose 3*a + 169 - 598 = 0. Suppose 0 = 2*l + 4*o - 98, 0*l = -3*l - 2*o + a. List the prime factors of l.
47
Let a(k) = 3*k. Let q(h) = h**2 + 2*h + 3. Suppose -2*v - 3 = 1. Let s be q(v). List the prime factors of a(s).
3
Let b(u) = -3 + 0 + u + 5 + 2. Let k = 4 - -4. What are the prime factors of b(k)?
2, 3
Suppose 0*l = -5*l - 1100. What are the prime factors of (-2)/(-3) - l/12?
19
Suppose 0 = 2*t - 10, v + 0*v - 2*t = -46. Let f = -18 - v. List the prime factors of f.
2, 3
Suppose 0 = -n - 2*g + 50 + 23, 3*n + g = 224. Suppose 2*i + 27 = n. List the prime factors of i.
2, 3
Let o = 33 + -20. Suppose -4*g + 55 + o = 0. List the prime factors of g.
17
Let w(o) = -o**2 + 13*o + 16. Let d be w(14). Suppose d*c - 4*v + 2*v = 70, 0 = -c - 4*v + 30. List the prime factors of c.
2, 17
Let y(h) = -h + 1. Let i be y(-1). Suppose -t = 5, -3*t = -2*f - i*t + 23. What are the prime factors of f?
3
Let u(h) be the second derivative of -2*h + 0 + 0*h**4 - 1/6*h**3 - 9/20*h**5 + 0*h**2. List the prime factors of u(-1).
2, 5
Let j be 2 - ((-1)/(-1) + -4). What are the prime factors of 60/(-2 + j) + 3?
23
Suppose 0 = 8*k - 6*k - 866. What are the prime factors of k?
433
Suppose -9 = -x + 14. What are the prime factors of x?
23
Let f = 28 + -12. List the prime factors of f.
2
List the prime factors of ((-123)/82)/(2/(-172)*1).
3, 43
Suppose 0 = -2*k + 3*k - 3. Let y be 1 + (k - (-3 + 1)). Suppose 2*v = 2 + y. List the prime factors of v.
2
Let w(j) = j**2 + j + 24. What are the prime factors of w(0)?
2, 3
Let n(z) = -5*z**2 + z. Let k(o) = 4*o**2. Let a(x) = -6*k(x) - 5*n(x). Let f be a(-4). Let d = f - 25. List the prime factors of d.
11
Let d be 1 + (-2)/(-2) - -2. Let b be (9 - 14)*(-24)/10. Suppose b = -d*g + 44. List the prime factors of g.
2
Let g be (-2)/(1 + -2 + 0). Suppose -g = 3*k - k + 4*m, -7 = -k + 2*m. List the prime factors of 2*k/(-12)*-10.
5
Suppose -2*i = 5*x - i, 4*x + 5*i = 0. Suppose -5*f + x = -20. What are the prime factors of f?
2
Let j(t) = 9*t - 1. List the prime factors of j(3).
2, 13
Let u = 21 - 31. Let c = 27 + u. What are the prime factors of c?
17
Let u(i) = -i**2 - 4*i + 5. Let s be u(-5). Suppose 4 = -g - s*g. Let d = 3 - g. List the prime factors of d.
7
Let g = 32 + -7. List the prime factors of g.
5
Let r = -22 - -46. What are the prime factors of r?
2, 3
Let z(j) = -7*j + 66. List the prime factors of z(-26).
2, 31
Let l(n) = n**3 - 7*n**2 + 6*n - 4. Suppose -4*f + 5*b = -28, 0 = 4*b - b. List the prime factors of l(f).
2, 19
Suppose a = -1 - 2. Let i(c) = c**3 + 4*c**2 + 2*c + 1. What are the prime factors of i(a)?
2
Let b(a) = -3*a + 170. List the prime factors of b(0).
2, 5, 17
Suppose -254 = -9*n + 88. List the prime factors of n.
2, 19
Suppose 4*o = o + 21. List the prime factors of o.
7
Let q(x) = x**2 + 4*x + 5. Let a be q(-4). Suppose a = -c + 2*c. What are the prime factors of c?
5
Let y = -113 + 213. What are the prime factors of y?
2, 5
What are the prime factors of (6 - 4 - 1) + 49?
2, 5
Suppose -2*b - 33 = -5*b - 3*p, 17 = 2*b + 3*p. Suppose -5*y - 31 = 5*s - 81, 2*y + b = s. What are the prime factors of s?
2, 3
Suppose -2*d = -3*j + 32, 0 = -2*j + j + 2*d + 8. What are the prime factors of j?
2, 3
Let m(o) = o**3 + 4*o - 12. What are the prime factors of m(4)?
2, 17
Suppose 0 = -7*j + 3*j + 44. What are the prime factors of j?
11
Let s = -108 + 199. What are the prime factors of s?
7, 13
Let j = -29 + 17. What are the prime factors of 6/9*-2*j?
2
Let z(i) = -i - 5. Let x be 66/(-10) - 6/15. Let p be z(x). Suppose -4*j + 28 = -2*s, 3*s + 10 = -0*j + p*j. What are the prime factors of j?
2
Let n(p) = -18*p**3 + p**2. Let d be n(-1). Suppose g + 3 = d. List the prime factors of g.
2
Let a be -2*(-1)/(-2) + 3. Suppose 0 = 3*t + a*x - 10, -3 + 20 = 4*t - x. Suppose 2*u - 2*b = 8, -5*u - t*b = -u - 24. List the prime factors of u.
5
Let o(z) = -2*z - 4. Suppose 0 - 12 = 2*w. What are the prime factors of o(w)?
2
Let o(s) = -2*s + 9. What are the prime factors of o(-19)?
47
Let k = 102 - 59. What are the prime factors of k?
43
Let q(h) = -h - 7. Let f be q(-7). Let i be (1 + 0 - f) + 0. What are the prime factors of i - 3 - (-1 + -9)?
2
Suppose -j - 4*y + 99 = -4*j, 3*y = -3*j - 78. Let a = 45 + j. Suppose a = 4*n - 32. What are the prime factors of n?
2, 3
What are the prime factors of (3 - -29)*2*(-4)/(-16)?
2
Let c(a) = -a**2 + 8*a - 9. Let n be c(6). Suppose -2*m - 3*m + 35 = 3*k, 2*m - 23 = -n*k. List the prime factors of 17/3 + k/15.
2, 3
Let x be (-8)/14*35/(-10). Suppose -38 = -5*r + x*j, -2*r + 3*j = -13 - 0. What are the prime factors of r?
2
List the prime factors of 2*(17 + (-1 - 3)).
2, 13
Let r(c) = -c**2 + 13*c + 48. What are the prime factors of r(8)?
2, 11
Let a = -4 - -3. Let w(p) = -1. Let b(r) = -2*r - 4. Let v(q) = a*b(q) + 5*w(q). What are the prime factors of v(5)?
3
Let t(l) = l**3 - l**2 + 15. Let z(r) = r**3 + 2*r**2 - 3*r. Let g be z(-3). Suppose g*n = -n. What are the prime factors of t(n)?
3, 5
Let x(n) = 9*n + 1. List the prime factors of x(7).
2
Let t be (-9)/18*(1 - -1). What are the prime factors of -1*(1 - -24)/t?
5
Suppose -f + 3*f - 2*x = 10, -4*f - 1 = 3*x. Suppose 2*h = 7*q - 3*q + 2, 2*q + 6 = f*h. Suppose -9 = p - q*p. What are the prime factors of p?
3
Let o(k) = -k**3 + 8*k**2 - 9*k + 5. What are the prime factors of o(6)?
23
Let d be 16/(-6)*15/(-10). Suppose d*u + 12 - 92 = 0. List the prime factors of u.
2, 5
What are the prime factors of (-47)/(-6) - 6/(-36)?
2
Suppose 6*n - z - 221 = 2*n, 123 = 2*n - 3*z. What are the prime factors of n?
2, 3
Suppose 5*s + 15 = -5. Let p be 53 - s/((-6)/(-3)). Suppose 20 = 5*f - p. What are the prime factors of f?
3, 5
Suppose 4*g + 6 = 2*t + 8*g, -5*t + g + 15 = 0. Suppose -3*i + t*u + 53 = -2*u, 59 = 5*i - u. List the prime factors of i.
11
Let p(y) = y**3 - 5*y**2 - 8*y + 9. Let j be p(6). Let w(r) be the second derivative of r**3/6 + 3*r**2 + 10*r. What are the prime factors of w(j)?
3
Let n(p) = -19*p + 3. List the prime factors of n(-3).
2, 3, 5
Let q be -32*(-2 - 12/(-8)). What are the prime factors of 4/q*0 + 20?
2, 5
Suppose 0*b = -b + 32. Suppose -t = 3*t - b. What are the prime factors of t?
2
Let s be ((-12)/14)/(1/(-42)). Let z = 64 - s. List the prime factors of z.
2, 7
Let h be (-3 - -4)*(-6)/(-2). Suppose -3*m + 30 = 4*o - h, 5*m - 4*o = 23. What are the prime factors of m?
7
What are the prime factors of -18*(1 - 44/12)?
2, 3
Suppose 9*l - 55 = 4*l. Suppose l = -3*a + 32. What are the prime factors of a?
7
Suppose 5*m + 2*j - 549 = 0, -j + 5*j + 345 = 3*m. What are the prime factors of m?
3, 37
Let g(u) be the first derivative of u**2/2 + 12*u - 7. What are the prime factors of g(-7)?
5
List the prime factors of 4 + 12/(-2) + 47.
3, 5
Suppose 3290 = 2*o + 8*o. What are the prime factors of o?
7, 47
Suppose -2*v + 195 = -181. What are the prime factors of v?
2, 47
Let g be 1/((-2)/(-2)) + 15. Suppose -24 - g = -5*o. What are the prime factors of 70/o + 3/12?
3
Let a(u) = u + 1. Let d be (3/3 - 3) + 3. Let i be a(d). Suppose -i*y + 7 = -x, -3*y - x + 11 = -2*x. What are the prime factors of y?
2
Let g(d) be the third derivative of -d**6/40 + d**5/30 + d**4/24 + 4*d**2. What are the prime factors of g(-2)?
2, 3, 5
Let b(v) = 2 + 0*v - 1 - 4*v - 5*v. What are the prime factors of b(-1)?
2, 5
Let l(z) = z**2 - 9*z - 17. Let r be l(12). Suppose t = r - 6. List the prime factors of t.
13
Let n(m) = -m**3 + 14*m**2 - 13*m + 5. Let u be n(13). Suppose -j = -5 + 4. Let d = u - j. List the prime factors of d.
2
Let m = 54 - 29. List the prime factors of m.
5
Let c(q) = -q**3 + 4 + 54*q**2 + 10*q + q - 45*q**2. What are the prime factors of c(10)?
2, 7
Let w be 75/20*8/(-3). Let v = 4 - w. List the prime factors of v.
2, 7
List the prime factors of (324/(-90))/((-2)/95).
3, 19
Suppose -3*i + 5 = 3*q - 4, 4*i - 2*q = 6. Suppose i*g + 12 = 48. What are the prime factors of g?
2, 3
What a